isor of 3 and 1047.
3
What is the greatest common divisor of 3 and 17?
1
What is the greatest common divisor of 976 and 64?
16
Calculate the highest common factor of 51 and 731.
17
Calculate the highest common divisor of 42 and 875.
7
Calculate the greatest common factor of 5697 and 81.
27
What is the greatest common factor of 58 and 2117?
29
What is the greatest common divisor of 1241 and 3942?
73
What is the highest common factor of 374 and 44?
22
Calculate the highest common factor of 170 and 102.
34
What is the greatest common factor of 704 and 32?
32
What is the greatest common factor of 32681 and 22?
11
What is the greatest common factor of 28 and 88?
4
Calculate the greatest common factor of 35 and 14.
7
Calculate the highest common factor of 76 and 95.
19
Calculate the highest common factor of 42 and 5922.
42
What is the greatest common factor of 845 and 65?
65
Calculate the highest common factor of 108 and 6036.
12
What is the highest common factor of 340 and 80?
20
Calculate the highest common factor of 5646 and 6.
6
What is the highest common factor of 1778 and 508?
254
Calculate the highest common divisor of 400 and 320.
80
What is the greatest common divisor of 840 and 2700?
60
Calculate the highest common divisor of 42 and 112.
14
What is the greatest common divisor of 13 and 117?
13
What is the greatest common factor of 34 and 344?
2
What is the highest common divisor of 13716 and 24?
12
Calculate the greatest common factor of 33 and 55.
11
Calculate the greatest common factor of 288 and 7712.
32
Calculate the greatest common factor of 240 and 735.
15
What is the highest common factor of 61 and 488?
61
Calculate the greatest common divisor of 1825 and 25.
25
Calculate the greatest common factor of 1235 and 195.
65
What is the highest common factor of 205 and 41?
41
What is the highest common divisor of 32 and 2048?
32
What is the highest common divisor of 918 and 34?
34
Calculate the greatest common factor of 3 and 127.
1
Calculate the highest common factor of 416 and 468.
52
Calculate the greatest common factor of 8169 and 21.
21
Calculate the highest common divisor of 48 and 40368.
48
What is the highest common divisor of 165 and 2013?
33
Calculate the greatest common factor of 20 and 30010.
10
Calculate the greatest common divisor of 27 and 6.
3
What is the greatest common factor of 90 and 1530?
90
Calculate the highest common factor of 148 and 851.
37
What is the highest common divisor of 17 and 4?
1
Calculate the greatest common factor of 115 and 5.
5
What is the greatest common divisor of 496 and 1504?
16
What is the highest common factor of 3852 and 324?
36
What is the highest common divisor of 902 and 22?
22
Calculate the greatest common divisor of 16206 and 584.
146
Calculate the greatest common divisor of 59 and 1003.
59
Calculate the greatest common divisor of 35 and 175.
35
What is the greatest common divisor of 1802 and 53?
53
Calculate the greatest common divisor of 1863 and 23.
23
What is the highest common divisor of 972 and 108?
108
Calculate the greatest common divisor of 195 and 840.
15
What is the highest common divisor of 55 and 25?
5
What is the greatest common factor of 88 and 297?
11
Calculate the greatest common divisor of 423 and 9.
9
What is the greatest common divisor of 568 and 213?
71
Calculate the highest common divisor of 455 and 2080.
65
What is the highest common factor of 25 and 95?
5
What is the highest common factor of 4932 and 45?
9
What is the greatest common factor of 22 and 473?
11
Calculate the highest common factor of 104 and 130.
26
Calculate the greatest common divisor of 3285 and 180.
45
Calculate the greatest common divisor of 343 and 98.
49
Calculate the greatest common factor of 45 and 2115.
45
What is the greatest common factor of 11284 and 620?
124
Calculate the greatest common divisor of 22 and 88.
22
What is the highest common factor of 189 and 27?
27
Calculate the highest common divisor of 1145 and 5.
5
Calculate the greatest common divisor of 120 and 200.
40
Calculate the highest common divisor of 3 and 1509.
3
Calculate the highest common factor of 21 and 105.
21
Calculate the greatest common divisor of 14 and 1638.
14
Calculate the greatest common divisor of 27 and 65421.
27
What is the highest common divisor of 22 and 814?
22
Calculate the greatest common factor of 4572 and 36.
36
Calculate the greatest common factor of 25 and 35650.
25
Calculate the highest common divisor of 39 and 27.
3
Calculate the highest common factor of 89292 and 84.
84
Calculate the highest common factor of 5 and 195.
5
What is the highest common divisor of 58 and 2059?
29
Calculate the greatest common divisor of 237 and 158.
79
Calculate the greatest common factor of 7021 and 177.
59
Calculate the highest common divisor of 90 and 18.
18
What is the greatest common factor of 58 and 1160?
58
Calculate the highest common divisor of 427 and 14.
7
What is the greatest common divisor of 198 and 1998?
18
Calculate the highest common divisor of 384 and 78.
6
Calculate the highest common factor of 24 and 51.
3
What is the highest common factor of 27 and 1125?
9
Calculate the highest common factor of 8979 and 657.
219
Calculate the highest common divisor of 11410 and 56.
14
What is the highest common divisor of 144 and 1548?
36
Calculate the highest common factor of 15 and 24.
3
Calculate the greatest common factor of 100 and 860.
20
What is the highest common divisor of 162 and 567?
81
What is the greatest common divisor of 40 and 152?
8
Calculate the greatest common factor of 855 and 105.
15
What is the greatest common factor of 97 and 15811?
97
Calculate the highest common divisor of 60000 and 192.
96
Calculate the greatest common factor of 1482 and 342.
114
What is the highest common divisor of 29 and 29?
29
What is the highest common divisor of 152 and 10431?
19
What is the greatest common factor of 201 and 6?
3
What is the highest common divisor of 33 and 187?
11
What is the highest common divisor of 896 and 14?
14
What is the greatest common factor of 1150 and 5?
5
Calculate the greatest common factor of 61 and 122.
61
What is the greatest common factor of 688 and 26660?
172
Calculate the greatest common factor of 82 and 82.
82
What is the greatest common factor of 4922 and 214?
214
What is the greatest common factor of 65 and 754?
13
What is the greatest common factor of 96 and 30?
6
Calculate the highest common divisor of 290 and 725.
145
What is the highest common factor of 1974 and 210?
42
Calculate the greatest common factor of 23 and 91.
1
Calculate the greatest common factor of 232 and 9425.
29
What is the highest common factor of 34 and 1513?
17
What is the greatest common factor of 17 and 5389?
17
What is the highest common divisor of 1145 and 25?
5
What is the greatest common divisor of 160 and 5?
5
What is the greatest common factor of 9332 and 4?
4
What is the greatest common factor of 7006 and 452?
226
What is the greatest common factor of 112 and 28?
28
What is the highest common divisor of 82 and 10578?
82
Calculate the highest common divisor of 36 and 24.
12
What is the highest common factor of 3682 and 14?
14
Calculate the greatest common divisor of 247 and 143.
13
What is the highest common divisor of 511 and 7?
7
Calculate the highest common factor of 3 and 2157.
3
Calculate the greatest common divisor of 57 and 1159.
19
What is the greatest common factor of 398 and 4577?
199
What is the highest common factor of 23206 and 82?
82
What is the highest common factor of 437 and 95?
19
What is the greatest common divisor of 15 and 12?
3
Calculate the greatest common divisor of 469 and 1072.
67
What is the highest common divisor of 13 and 38883?
13
Calculate the highest common factor of 79 and 12403.
79
What is the greatest common divisor of 533 and 13?
13
Calculate the highest common factor of 2175 and 195.
15
Calculate the highest common divisor of 1558 and 82.
82
What is the greatest common factor of 42 and 147?
21
What is the highest common factor of 60 and 36?
12
Calculate the highest common factor of 72 and 171.
9
What is the highest common factor of 99 and 1254?
33
Calculate the highest common factor of 28784 and 224.
112
What is the highest common divisor of 12 and 14?
2
Wha